True
Is 321947 composite?
False
Is 5053 a prime number?
False
Is 9073 composite?
True
Is 521195 a prime number?
False
Is 42157 prime?
True
Is 5293 a prime number?
False
Is 1325351 a prime number?
True
Is 1303739 composite?
False
Is 158267 a prime number?
False
Is 65431 composite?
True
Is 335 prime?
False
Is 82153 composite?
False
Is 3691 composite?
False
Is 2051 prime?
False
Is 5610371 composite?
True
Is 14699 a composite number?
False
Is 11579 prime?
True
Is 37033 composite?
True
Is 14177 composite?
False
Is 75921 prime?
False
Is 424735 a prime number?
False
Is 41917 prime?
False
Is 409499 a prime number?
True
Is 73711 composite?
True
Is 363523 a composite number?
False
Is 4547 a composite number?
False
Is 338369 a composite number?
False
Is 102683 a prime number?
False
Is 26083 a prime number?
True
Is 462333 a prime number?
False
Is 11351 a composite number?
False
Is 694717 prime?
True
Is 26629 composite?
True
Is 57337 composite?
True
Is 421273 prime?
True
Is 52243 composite?
True
Is 57871 prime?
False
Is 2439503 prime?
False
Is 3593 a composite number?
False
Is 134327 a composite number?
False
Is 128993 a prime number?
True
Is 22531 composite?
False
Is 170047 a composite number?
False
Is 111721 prime?
True
Is 2587 composite?
True
Is 101861 a prime number?
False
Is 85559 composite?
True
Is 72353 a composite number?
False
Is 38639 composite?
False
Is 8402917 prime?
True
Is 48017 prime?
True
Is 110294 a prime number?
False
Is 53213 prime?
False
Is 169057 a prime number?
False
Is 1841 a composite number?
True
Is 94594 composite?
True
Is 4201 a prime number?
True
Is 199759 a prime number?
False
Is 437777 a composite number?
True
Is 183151 prime?
True
Is 1407223 prime?
True
Is 90269 prime?
False
Is 233383 a prime number?
False
Is 139577 a prime number?
False
Is 110329 a composite number?
True
Is 6065 a composite number?
True
Is 552289 a composite number?
True
Is 3563953 a composite number?
False
Is 800251 a prime number?
False
Is 126467 prime?
False
Is 90151 a composite number?
True
Is 4821 a prime number?
False
Is 1537178 a composite number?
True
Is 18299 a prime number?
False
Is 5711 composite?
False
Is 2723 composite?
True
Is 3946 a prime number?
False
Is 59117 composite?
True
Is 11621 prime?
True
Is 7901 a prime number?
True
Is 14369 composite?
False
Is 43853 composite?
False
Is 353797 a prime number?
True
Is 7717 composite?
False
Is 324914 composite?
True
Is 58099 composite?
False
Is 3571 prime?
True
Is 1511 composite?
False
Is 16661 a composite number?
False
Is 6711 a composite number?
True
Is 139579 a composite number?
True
Is 654257 composite?
False
Is 83933 a composite number?
False
Is 2780453 prime?
False
Is 8747 prime?
True
Is 209089 a composite number?
False
Is 205967 prime?
True
Is 12713 a prime number?
True
Is 2849279 a composite number?
True
Is 22871 a prime number?
True
Is 269321 a composite number?
True
Is 324271 a composite number?
True
Is 471313 a composite number?
False
Is 353 a prime number?
True
Is 373559 a prime number?
False
Is 4259 a prime number?
True
Is 18227 a prime number?
False
Is 27053 prime?
False
Is 9691 a composite number?
True
Is 211543 a composite number?
False
Is 171043 a composite number?
False
Is 572281 a prime number?
True
Is 856649 a prime number?
True
Is 694 composite?
True
Is 107187 a composite number?
True
Is 35813 a composite number?
True
Is 352007 prime?
True
Is 42979 a composite number?
False
Is 262181 prime?
False
Is 36037 a composite number?
False
Is 47459 composite?
False
Is 864211 composite?
False
Is 34657 prime?
False
Is 400031 a prime number?
True
Is 1777 a composite number?
False
Is 87623 a composite number?
False
Is 323537 composite?
False
Is 77905 a composite number?
True
Is 193073 a prime number?
True
Is 132403 composite?
False
Is 124213 a prime number?
True
Is 3317249 a composite number?
True
Is 16411 a prime number?
True
Is 8639 a prime number?
False
Is 131861 composite?
False
Is 89857 prime?
False
Is 116543 composite?
True
Is 930129 a prime number?
False
Is 302111 a prime number?
True
Is 1321511 prime?
False
Is 2095 prime?
False
Is 4265 composite?
True
Is 16327 prime?
False
Is 4091 prime?
True
Is 16753 prime?
False
Is 13309 composite?
False
Is 2383 a prime number?
True
Is 127373 composite?
False
Is 94679 composite?
True
Is 1283 a composite number?
False
Is 96953 composite?
False
Is 55801 a composite number?
True
Is 205363 composite?
True
Is 49373 composite?
True
Is 36521 prime?
False
Is 1173017 prime?
False
Is 316847 a prime number?
True
Is 2789 prime?
True
Is 1621299 a prime number?
False
Is 5879 composite?
False
Is 3794089 prime?
False
Is 7522 prime?
False
Is 8779 a composite number?
False
Is 17285 prime?
False
Is 186619 a prime number?
True
Is 3653 a prime number?
False
Is 34019 a prime number?
True
Is 1357 a prime number?
False
Is 10247 a composite number?
False
Is 11113 prime?
True
Is 41257 prime?
True
Is 5753 composite?
True
Is 6947 a prime number?
True
Is 124489 prime?
True
Is 1871879 a composite number?
False
Is 164134 a prime number?
False
Is 16597 prime?
False
Is 647455 a composite number?
True
Is 22579 a composite number?
True
Is 393662 composite?
True
Is 140018 prime?
False
Is 1969 prime?
False
Is 63211 a prime number?
True
Is 6439 a composite number?
True
Is 123581 a composite number?
False
Is 73221 prime?
False
Is 81467 a composite number?
True
Is 175313 composite?
True
Is 51293 prime?
False
Is 3537407 prime?
True
Is 322067 a prime number?
True
Is 718973 a composite number?
False
Is 10007 prime?
True
Is 63286 prime?
False
Is 12419 prime?
False
Is 58477 prime?
True
Is 29935 a prime number?
False
Is 83843 composite?
False
Is 3020315 a prime number?
False
Is 14591 a composite number?
False
Is 45145 prime?
False
Is 9031 a composite number?
True
Is 321931 a prime number?
False
Is 17077 prime?
True
Is 7529 prime?
True
Is 21701 a prime number?
True
Is 21323 a composite number?
False
Is 15823 prime?
True
Is 20327 a composite number?
False
Is 85229 prime?
True
Is 303889 a prime number?
True
Is 163753 a prime number?
True
Is 166213 a prime number?
False
Is 228049 a prime number?
True
Is 8143 prime?
False
Is 23957 a prime number?
True
Is 4951 a composite number?
False
Is 22177 a composite number?
True
Is 290821 a prime number?
True
Is 914339 prime?
True
Is 4894859 a composite number?
True
Is 56983 composite?
False
Is 50359 a composite number?
False
Is 1411885 prime?
False
Is 294753 composite?
True
Is 214417 prime?
False
Is 6709 a composite number?
False
Is 43597 prime?
True
Is 23687 a composite number?
False
Is 326923 prime?
True
Is 10937 a composite number?
False
Is 744635 prime?
False
Is 171433 composite?
True
Is 167381 a prime number?
True
Is 11887 a composite number?
False
Is 110945 a prime number?
False
Is 427103 a composite number?
False
Is 35339 prime?
True
Is 302537 a prime number?
False
Is 354581 a prime number?
True
Is 103903 composite?
False
Is 11549 composite?
False
Is 802157 a composite number?
True
Is 405763 composite?
False
Is 117655 a composite number?
True
Is 1785499 a prime number?
False
Is 4561 a prime number?
True
Is 3082073 prime?
True
Is 35663 composite?
True
Is 45545 a prime number?
False
Is 29567 composite?
False
Is 13 a prime number?
True
Is 42909 prime?
False
Is 34991 a composite number?
True
Is 7909 a composite number?
True
Is 29473 a composite number?
False
Is 36029 prime?
False
Is 28599 a prime number?
False
Is 47933 a prime number?
True
Is 694969 a prime number?
False
Is 73046 a composite number?
True
Is 337787 a composite number?
True
Is 9643 prime?
True
Is 951851 composite?
False
Is 134099 composite?
True
Is 1307347 a composite number?
False
Is 970323 prime?
False
Is 4583 a composite number?
False
Is 336953 prime?
False
Is 1874 composite?
True
Is 21623 composite?
True
Is 65899 a prime number?
True
Is 72317 prime?
False
Is 102137 composite?
True
Is 9871 a composite number?
False
Is 426601 composite?
True
Is 2624899 a composite number?
False
Is 134579 prime?
False
Is 1562846 a prime number?
False
Is 2893 a prime number?
False
Is 6011 a prime number?
True
Is 111533 composite?
False
Is 3646 composite?
True
Is 1053083 a prime number?
True
Is 61639 a composite number?
True
Is 275689 a composite number?
True
Is 23503 prime?
False
Is 289099 a composite num